u = u - 3*d + 3. Let r(o) = o**2 + 3*o + 2. Let f be r(u). Suppose 4*m - f*m - 1114 = 0. Is m composite?
False
Suppose -2054 = 6*k + 20*k. Let f = k + 4058. Is f prime?
False
Suppose -181*r + 28203599 = -20925523 - 105955. Is r a composite number?
True
Let f(v) = 88*v**2 - 34*v - 2949. Is f(38) a prime number?
False
Let c(h) = -1569*h**2 + 16*h - 34. Let m be c(3). Is (24/8 + -4)*m a prime number?
True
Let s be ((-5)/2 - -2)*0. Let t = 263 + -174. Suppose 2*o = 7*b - 2*b - 125, s = -3*b + 4*o + t. Is b a composite number?
False
Suppose 2137070 = 45*s - 1574557 + 714312. Is s a composite number?
True
Let x(j) = -240*j**3 + 4*j + 7. Let v be x(-2). Suppose -v = 4*w - 71995. Is w a composite number?
False
Let v(j) = 4*j + 36. Let y be v(-20). Let k = y - -49. Suppose k*z - 5733 = 682. Is z a prime number?
True
Suppose -5*i - 3*q = -1219496 - 117095, -4*i = -4*q - 1069260. Is i composite?
False
Let l = 93964 + -41051. Is l composite?
True
Let p = -12070 + 804993. Is p a prime number?
False
Let w = -82780 - -135659. Is w composite?
False
Let g(b) = -271*b**2 + 29*b - 101. Let v(t) = 1083*t**2 - 118*t + 403. Let o(z) = -9*g(z) - 2*v(z). Is o(5) composite?
False
Let l(d) = -34*d + 4. Let g be l(8). Let w = 141 - g. Is w a prime number?
True
Suppose 0 = 3096*b - 3125*b + 3141947. Is b prime?
True
Let i(p) = p**3 - p**2. Let d(x) = -5*x**3 - 22*x**2 + x + 19. Let f(a) = d(a) + i(a). Is f(-10) a prime number?
True
Suppose 4*h + 0*h - 24 = 0. Let u(a) = -21 + 30*a - 23*a + 2 + 30*a. Is u(h) prime?
False
Let b be 8842*(3 + -2 - 2). Let w = 20633 + b. Is w prime?
False
Let t be 38 + (-3 + (1 - -1))/1. Let s = 39 - t. Suppose -s*i + 307 = 9. Is i a prime number?
True
Suppose 487135 = 31*z - 1187609. Suppose -5*n + 2*w + 50143 = -17384, 4*n - w - z = 0. Is n composite?
True
Suppose 14535 = -11*p + 882182. Is p a prime number?
True
Suppose 5*k = b + 1288441, -3*k + k + 4*b = -515398. Is k composite?
False
Suppose 0 = -21*w - 0*w + 31353. Let d = -406 + w. Is d prime?
True
Suppose -3*o + 7 = q + 27, -4*q = o + 14. Let r(w) = 5*w**2 - 23. Let c be r(o). Suppose 4*t = 1689 - c. Is t a composite number?
False
Let c = -66065 + 113511. Suppose 0 = 13*v + v - c. Is v composite?
False
Suppose 0 = -3*l + 9, 60 = -4*x - 2*l - 202. Let b = x + 290. Is b composite?
False
Suppose 20 = 24*w - 14*w. Suppose -a - 16*z + 8212 = -17*z, -4*a - w*z + 32830 = 0. Is a a prime number?
True
Suppose -2 = 5*k - 22. Let g = -4 + k. Is g - (-28)/8*142 a prime number?
False
Let u be 16/10 - (-6)/15. Suppose -u*z = h + 2*h - 3937, 0 = 5*h + 15. Is z a prime number?
True
Suppose s = -5*g + 4067224, -4*g - 5*s = -3492520 + 238703. Is g a composite number?
False
Suppose -3*z = -d - 72, 5*z = 3*d + 122 + 2. Suppose -8*j - 34725 = -z*j. Is j a prime number?
False
Suppose 4*x = 2*x + 8. Suppose -4*l - 3*z = -x*z - 24, l - 2*z = 13. Suppose -2*b + 5*n + 242 = 0, l*b - 4*n + 131 - 702 = 0. Is b prime?
False
Let r be 2*(-3)/6 - -2. Let z be (-32)/6*(79 - r). Let j = 3 - z. Is j composite?
False
Let h = 150 - 145. Suppose -4*x + 2*x = -10. Suppose -x*s + h = -50. Is s composite?
False
Let p be (14/4 + -2)/(1/(-2)). Let w be p - 0 - (1 - 4). Suppose 3*a - 8*a + 4345 = w. Is a a prime number?
False
Let s = 4710 + -4516. Is s prime?
False
Suppose 9*d - 137647 + 110006 = 486286. Is d a prime number?
False
Let t be 38492*(-1)/(2 - 4). Let w be ((-6)/9)/((-70)/651) + (-1)/5. Suppose -4408 = w*x - t. Is x a prime number?
True
Let v(w) = 5039*w + 24. Is v(5) a composite number?
False
Let d be (-1 - (-84)/16) + (-9)/(-12). Suppose d*r - 8806 = -9*r. Is r a composite number?
True
Let s(w) = 1611*w - 32. Let d be s(11). Suppose -d - 12346 = -5*p. Is p a composite number?
False
Suppose 7*d - 54 - 65 = 0. Suppose d*b - 19*b = -4. Suppose 3*l = b*f - 1526, -4*f + 2615 = -l - 437. Is f prime?
False
Let f(w) = 3629*w + 629. Is f(22) a prime number?
False
Let l(x) = 530*x**2 + 60*x - 487. Is l(10) a composite number?
False
Suppose 17389 = 2*z + 3073. Suppose -17*b = -11*b - z. Is b composite?
False
Let i be (-1)/((15/(-20))/3). Suppose 2*x - i*z = 3*x, x + 2*z = 0. Suppose x = b + 48 - 1471. Is b a prime number?
True
Let l = -4950 + 15637. Is l composite?
False
Let v be 1 - 205391/(-2) - (-132)/(-88). Suppose -29*o - 33936 = -v. Is o prime?
True
Let w(q) = -4*q**3 + 20*q**2 - 36*q + 8. Let m(o) = 2*o**3 - 10*o**2 + 18*o - 3. Let y(c) = -5*m(c) - 2*w(c). Is y(-9) a prime number?
False
Let b(j) = -j**3 + 3*j**2 - j - 17. Let s(m) = -8*m - 53. Let k be s(-6). Let l be b(k). Suppose -470 = -5*p + y, 7*p - 5*p + 3*y - l = 0. Is p composite?
True
Let j(f) = 1009*f - 9675. Is j(16) composite?
False
Let y(i) = 4*i**2. Let s be y(-1). Suppose -h = -3*c - 39, -h - 89 = -s*h - 5*c. Suppose 0 = -j - d + 57, -4*d + h - 176 = -3*j. Is j prime?
True
Let o be (3/9)/(8/72). Suppose 0 = 4*k - 3*x - 1702, -3*k = -0*k - o*x - 1275. Let z = 666 - k. Is z prime?
True
Let w be 96/(-112) + 338/(-14). Is w/75*1*-27381 prime?
True
Let f(b) be the second derivative of 11*b**5/60 + 5*b**4/8 - 5*b**3/2 + 19*b**2 - 25*b. Let q(m) be the first derivative of f(m). Is q(-6) prime?
False
Suppose -2*i + 3*z = 5632, i + z + 2838 = -3*z. Let t = 279 - i. Is t composite?
True
Let a = 378 - 376. Suppose 12*b - 35930 = a*b. Is b a prime number?
True
Suppose -2*q + 2*l = 12500, 3*l = 4*q - 2*l + 24996. Is (-3 + q/(-6))/(16/24) composite?
False
Let b be -277 + 277 - 0*2/(-4). Suppose b = 5*c - 2*z + z - 12654, -3*c = -5*z - 7588. Is c a prime number?
True
Suppose -2*b + 4*w = 3*w + 6, 0 = 3*b - 5*w + 16. Let j be -3 + (-5499)/15 - b/(-5). Let s = j + 691. Is s a composite number?
True
Let q(a) be the first derivative of -a**4/4 + 14*a**3/3 - 7*a**2 - 23*a - 9. Let t be q(15). Let i = -207 - t. Is i a prime number?
True
Suppose 3*c = 5*w - 35719 - 40042, 4*c = 5*w - 75758. Is w composite?
True
Let h be ((-10)/(-6))/(4/12). Suppose h*u - 3 = -2*a + 17, -a - 5*u + 20 = 0. Suppose j - 3*j - 3*q + 4189 = a, -15 = 5*q. Is j composite?
False
Is (-336555)/(-13) + (-714)/(-4641) composite?
False
Suppose -121*y + 14721175 = -96*y. Is y composite?
True
Let r(v) = 1661*v + 6704. Is r(87) a composite number?
True
Suppose 30 - 51 = -7*l. Suppose 1180 + 601 = -k + 3*t, -2*k - 5*t = 3551. Is (k/6)/((-1)/l) composite?
True
Let g(b) = 414*b + 84. Let f be g(6). Suppose -5*x - f = -m + 4133, -x = -m + 6689. Is m composite?
True
Let v be (2748/(-10))/((-6)/15). Suppose 5*y + v = -32628. Is (-12)/(9/3)*y/12 a prime number?
True
Suppose -2*w + 65626 = 5*y, -y + 5341 = -w - 7787. Suppose 15648 = 3*l - 3*g, 2*l - 4*g = -2700 + y. Is l a composite number?
True
Let q(v) = -918*v**3 + v**2 + v + 1. Suppose -442 - 63 = 5*i. Let u = i + 100. Is q(u) composite?
False
Suppose -13*p + 294475 = 5*l - 8*p, 5*p - 30 = 0. Is l a prime number?
True
Let t be ((-96)/14 - -6)*7. Let p be 7/2*(-4)/(-7). Is p/((12/(-2099))/t) composite?
False
Suppose -2*v - 5*q + 17 = -2*q, -4*v = 3*q - 37. Suppose -4*b - 5*c = -45, 4*b - 2*c = -0*b + v. Suppose b*a - 3081 = -416. Is a a composite number?
True
Suppose -3*n + 105 = 4*g - 2262, 4*g = -5*n + 2377. Suppose 0*j - 3*i = -j + g, i = -5*j + 2908. Suppose -8*v + 14*v - j = 0. Is v composite?
False
Let p be (-6)/10*-74623 + 5/25. Suppose -22*x + p = -13768. Is x composite?
True
Let z(o) = 18*o**3 - 91*o**2 + 33*o - 9. Is z(13) composite?
True
Suppose -4*x + 5*g = -163662, -813*g + 122749 = 3*x - 818*g. Is x composite?
True
Suppose -18*r + 4417153 + 1259115 = -1195970. Is r composite?
False
Let s = -1036 + 994. Is ((-923704)/(-28))/1 - (-18)/s a composite number?
True
Let h(r) = 0 - 6*r + 3 - 3 + r**2 - 2. Let p be h(7). Suppose 16775 = 5*n - p*f, -3367 = -n - 2*f - 0*f. Is n prime?
True
Suppose 0 = 5*r - 0*r - 10. Suppose 4*a - z - r*z - 6102 = 0, -2*z + 3058 = 2*a. Is a a composite number?
True
Let g be (-1 - 6/(-4)) + 81/(-18). Let t(b) = b**2 - 5*b - 22. Let d be t(g). Suppose -z = d - 411. Is z a prime number?
True
Suppose 3*f - 16 = -q + 18, 0 = -f - q + 14. Let s be 4 - -10*(-5)/f. Is ((-57)/(-12))/(s/(-20)) composite?
True
Is 2520/255 + -10 - 1610055/(-17) a composite number?
False
Let u(h) = -200*h - 8. Let j be 5*(2 - 0 - (2 + 1)). Let p(o) = -1. Let z(c) = j*p(c) + u(c). Is z(-8) composite?
False
Let l be (-9)/(-3) + (2 - -15). Let j = l - 18